-14)?
-9
Let t(a) = 10*a - 1. Determine t(3).
29
Let v(d) = -2*d**3 - 48*d**2 - 2*d - 17. Calculate v(-24).
31
Let y(u) = -u**2 + 11*u + 27. Calculate y(11).
27
Let c(o) = o**3 - 19*o**2 + 17*o + 13. Calculate c(18).
-5
Let x(g) = g**3 - 14*g**2 + 26*g - 8. Determine x(11).
-85
Let y(j) = -j**2 + 20*j - 12. Determine y(22).
-56
Let d(c) = -25*c + 7. What is d(-1)?
32
Let s(q) = -q**3 - 11*q**2 + 4*q + 16. Give s(-12).
112
Let k(a) = a**3 - 12*a**2 + 13*a - 6. Calculate k(11).
16
Let f(l) = 4*l + 119. Determine f(-27).
11
Let p(u) = u - 40. Give p(28).
-12
Let g(v) = -450*v + 1800. What is g(4)?
0
Let i(a) = 7*a - 22. What is i(3)?
-1
Let f(q) = -q**3 - 6*q**2 + 6*q + 4. What is f(-5)?
-51
Let x(z) = -4*z - 99. Give x(-25).
1
Let u(b) = 18*b + 61. Determine u(-3).
7
Let k(f) = 158*f + 1583. Determine k(-10).
3
Let r(q) = -q**3 + 11*q**2 - q + 10. What is r(11)?
-1
Let y(g) = -2*g**2 + 37*g + 10. Give y(19).
-9
Let u(c) = 2*c**3 + 5*c**2 + 5*c. Calculate u(-3).
-24
Let d(o) = -2*o + 11. Determine d(7).
-3
Let i(n) = -2*n**2 + 7*n - 6. Calculate i(4).
-10
Let g(c) = c**3 + 4*c**2 + 7*c + 10. What is g(-4)?
-18
Let l(i) = 2*i**2 + 59*i - 76. Calculate l(-31).
17
Let c(h) = -h**3 - 8*h**2 + 10*h + 11. Calculate c(-9).
2
Let r(f) = -f**3 + 8*f**2 + 7*f + 16. Give r(9).
-2
Let a(p) = -2*p**2 + 3*p - 2. What is a(1)?
-1
Let n(j) = j - 56. Give n(15).
-41
Let c(i) = 2*i**2 - 5*i - 4. What is c(4)?
8
Let l(u) = -u**2 + 11*u - 27. Calculate l(11).
-27
Let m(v) = v**3 - 10*v**2 + 17*v - 13. What is m(8)?
-5
Let g(h) = 23*h**3 - h**2 - 2*h + 2. Give g(1).
22
Let s(g) = 15*g + 145. What is s(-10)?
-5
Let s(p) = -p**2 - 16*p + 66. Calculate s(-25).
-159
Let o(v) = -3*v**3 + 5*v**2 - 4*v + 4. What is o(3)?
-44
Let x(v) = -v**3 - 15*v**2 + 5*v - 10. Calculate x(-15).
-85
Let p(x) = x**3 - 6*x**2 + 6*x + 5. Determine p(5).
10
Let z(x) = x**3 + 18*x**2 - 2*x + 26. Calculate z(-18).
62
Let m(o) = o**3 + 13*o**2 + 7. Give m(-13).
7
Let s(t) = -t**3 - 3*t**2 - 6*t - 9. Calculate s(-3).
9
Let z(u) = u**2 - 15*u + 7. What is z(4)?
-37
Let c(q) = -2*q**3 - 7*q**2 + 6. What is c(-3)?
-3
Let u(k) = k**2 + 5*k - 3. What is u(-7)?
11
Let o(g) = g**3 + 10*g**2 - 9*g - 8. Determine o(-11).
-30
Let g(n) = 2*n + 5. What is g(10)?
25
Let c(w) = -w**2 + 12*w - 25. Calculate c(10).
-5
Let l(t) = t**3 + 8*t**2 + 7*t - 2. What is l(-7)?
-2
Let k(x) = x**3 + 9*x**2 - 8*x - 3. Give k(-8).
125
Let w(b) = b**3 + 8*b**2 - b + 8. Determine w(-7).
64
Let z(r) = 7*r + 17. What is z(-4)?
-11
Let n(h) = -15*h**2 - h + 1. Determine n(-1).
-13
Let c(d) = -d**3 - d**2 - d + 54. Determine c(0).
54
Let u(j) = -j**2 - 5*j - 3. Calculate u(-2).
3
Let m(g) = -2*g**3 - 5*g**2 + 4*g + 6. Give m(-4).
38
Let y(p) = 7*p + 8. Calculate y(-5).
-27
Let u(s) = s**3 - 20*s**2 + 17*s + 28. Calculate u(19).
-10
Let m(b) = -2*b**2 + 6*b - 6. What is m(3)?
-6
Let o(l) = 3*l**3 - 2*l**2 + 2*l. Give o(1).
3
Let o(b) = -12*b + 834. What is o(70)?
-6
Let m(s) = s**3 - 9*s**2 - 5*s + 4. What is m(9)?
-41
Let v(l) = -l**2 - 8*l + 8. Calculate v(-10).
-12
Let j(d) = -3*d**3 - d**2 - 4*d - 4. Determine j(-1).
2
Let b(a) = a**2 + 7*a - 11. What is b(-8)?
-3
Let i(g) = -3*g**2 - 13*g + 4. Determine i(-6).
-26
Let v(i) = i**2 - 10*i - 1. What is v(9)?
-10
Let d(n) = 25*n**2 - 4*n + 3. Give d(1).
24
Let p(w) = w**2 - w + 7. Determine p(8).
63
Let c(w) = -w**3 + 10*w**2 + 29*w - 14. What is c(12)?
46
Let s(l) = -l**2 - 13*l - 12. Determine s(-12).
0
Let g(v) = -3*v + 19. What is g(0)?
19
Let o(x) = x**2 + 10*x - 106. Calculate o(-16).
-10
Let l(z) = -38*z - 31. Determine l(-1).
7
Let z(d) = 2*d**3 - 4*d**2 + 2*d + 1. Give z(2).
5
Let v(r) = 2*r**2 + r + 2. What is v(0)?
2
Let r(f) = -f**3 + 2*f**2 - 3*f + 1. Determine r(2).
-5
Let f(g) = g**3 + 30*g**2 - 5*g - 153. Give f(-30).
-3
Let a(p) = 8*p - 30. Give a(7).
26
Let a(v) = -v**3 + 3*v**2 - 6*v - 2. Calculate a(3).
-20
Let p(d) = -d**2 + 38*d - 286. Give p(28).
-6
Let k(o) = o - 7. What is k(-7)?
-14
Let m(s) = s + 13. What is m(-13)?
0
Let i(b) = 10*b + 7. Give i(4).
47
Let c(m) = m**3 - 9*m**2 + 14*m - 20. What is c(7)?
-20
Let v(w) = -w**3 + 7*w**2 + w + 11. Determine v(7).
18
Let r(c) = -c**2 - 14*c + 57. Calculate r(-18).
-15
Let z(b) = 5*b - 77. What is z(16)?
3
Let j(a) = -13*a + 68. Determine j(5).
3
Let g(m) = -m**3 + 6*m**2 + 3*m + 34. Calculate g(7).
6
Let f(r) = 5*r - 42. Give f(12).
18
Let y(c) = -3*c**2 - 15*c - 2. What is y(-4)?
10
Let f(t) = 10*t + 16. What is f(-5)?
-34
Let t(v) = -v + 16. Give t(20).
-4
Let o(z) = z**2 - 4*z + 2. Give o(6).
14
Let q(c) = -11*c**2 + 4*c - 7. Determine q(2).
-43
Let p(o) = 5*o - 23. What is p(0)?
-23
Let y(l) = -9*l + 5. Determine y(-3).
32
Let a(i) = i - 8. What is a(1)?
-7
Let j(d) = 6*d + 32. Give j(-8).
-16
Let t(b) = b + 10. Calculate t(-6).
4
Let j(a) = -9*a - 1. Give j(-2).
17
Let c(z) = z**3 - 5*z**2 - 7*z + 7. What is c(6)?
1
Let k(r) = 26*r**2 - r - 1. Determine k(1).
24
Let i(m) = -2*m**2 + 39*m + 40. Give i(-1).
-1
Let d(s) = -s**2 - 17*s - 50. What is d(-12)?
10
Let y(s) = -s - 16. Give y(-10).
-6
Let j(v) = 8*v. What is j(-4)?
-32
Let s(p) = -2*p - 7. What is s(-9)?
11
Let i(k) = 11*k**2 - 9*k + 6. Determine i(3).
78
Let a(c) = -23*c - 1. Calculate a(-1).
22
Let u(c) = -15*c**2 + 7*c + 9. Give u(-2).
-65
Let h(s) = -s**3 + 6*s**2 - 5*s + 4. What is h(3)?
16
Let s(v) = v**3 - 18*v**2 + 10*v + 64. Give s(17).
-55
Let b(z) = -z + 14. Determine b(13).
1
Let k(z) = -z + 3. Calculate k(-6).
9
Let r(f) = f**2 - 24*f - 191. Calculate r(30).
-11
Let m(s) = -4*s - 53. Calculate m(-11).
-9
Let z(w) = w**3 - 4*w**2 - w - 6. Calculate z(4).
-10
Let t(o) = -o**2 - 2*o + 3. What is t(4)?
-21
Let y(s) = s**3 + 6*s**2 - 14*s + 13. Give y(-8).
-3
Let k(v) = v**3 - 23*v**2 + 20*v + 22. Calculate k(22).
-22
Let s(a) = -a**2 - 23*a - 38. What is s(-24)?
-62
Let z(c) = c**3 + 28*c**2 + 29*c + 59. What is z(-27)?
5
Let h(g) = 39*g - 10. Calculate h(3).
107
Let j(g) = -29*g + 1. Give j(1).
-28
Let a(i) = -13*i + 113. Give a(7).
22
Let l(c) = 2*c**2 - 5. Determine l(5).
45
Let h(w) = 7*w - 2. Give h(-1).
-9
Let n(c) = 3*c + 16. Determine n(-10).
-14
Let f(s) = -16*s**3 - 5*s**2 - s - 2. What is f(-1)?
10
Let v(u) = -u**2 - 9*u - 41. Calculate v(-7).
-27
Let z(v) = -14*v + 73. Determine z(5).
3
Let a(d) = 12*d - 72. Give a(3).
-36
Let d(b) = -3*b**2 - 93*b + 2. What is d(-31)?
2
Let u(t) = -2*t**2 - 28*t + 280. Determine u(7).
-14
Let w(u) = -u**2 - 9*u - 3. Calculate w(-7).
11
Let l(t) = t - 13. What is l(14)?
1
Let h(a) = a**3 - 8*a**2 + 5*a - 8. Calculate h(6).
-50
Let y(c) = -30*c - 1565. Calculate y(-52).
-5
Let b(z) = -z**2 + 2*z + 5. Give b(5).
-10
Let g(k) = -k**2 + 10*k - 8. What is g(6)?
16
Let i(m) = -2*m**3 + 7*m**2 - 2*m - 7. What is i(3)?
-4
Let o(p) = -p**3 + 4*p**2 + 3*p - 2. Calculate o(4).
10
Let a(w) = -w**3 - w**2 + 2*w - 3. What is a(-3)?
9
Let o(k) = 2*k**3 - 21*k**2 + 9*k + 13. Give o(10).
3
Let x(w) = -31*w**2 + w + 3. Give x(2).
-119
Let x(n) = -2*n + 54. What is x(0)?
54
Let n(i) = i**3 + 9*i**2 + 10*i + 3. Calculate n(-8).
-13
Let u(a) = -a - 6. Calculate u(0).
-6
Let s(x) = -3*x**2 + 3*x - 6. Calculate s(4).
-42
Let l(b) = -b**2 - 34*b - 26. Give l(-33).
7
Let t(z) = -3*z - 17. Calculate t(0).
-17
Let p(k) = -2*k**2 - 2*k + 42. Calculate p(0).
42
Let v(y) = y**3 + 30*y**2 + 27*y - 45. Determine v(-29).
13
Let g(y) = y**2 - 17*y + 15. Determine g(17).
15
Let k(h) = 7*h + 45. What is k(-10)?
-25
Let v(x) = x**3 + 8*x**2 + 8*x + 3. Calculate v(-6).
27
Let d(h) = -8*h + 42. Calculate d(5).
2
Let q(z) = 20*z**3 + 2*z**2 + 2*z - 3. Calculate q(1).
21
Let l(d) = -2*d**2 + 32. Give l(0).
32
Let m(u) = u**3 - 25*u**2 + 45*u + 17. Determine m(23).
-6
Let c(u) = 13*u - 8. Determine c(1).
5
Let t(j) = 4*j**2 - 22*j + 18. Determine t(4).
-6
Let j(p) = p**2 + p + 2. Give j(0).
2
Let z(g) = -3*g - 126. Give z(-36).
-18
Let w(f) = -f**2 - 42*f - 322. What is w(-10)?
-2
Let a(h) = 14*h**3 - 3*h**2 - 3*h - 1. What is a(-1)?
-15
Let i(v) = -v**3 - 13*v**2 + 2*v + 16. What is i(-13)?
-10
Let d(l) = -3*l - 34. What is d(-11)?
-1
Let y(b) = 11*b. Determine y(-6).
-66
Let x(m) = m**3 + 13*m**2 - 26*m + 44. What is x(-15)?
-16
Let q(x) = -8*x - 19. Calculate q(-3).
5
Let l(y) = y + 14. What is l(-11)?
3
Let p(z) = z**2 + 56*z 